d) = 4*d + 1. Suppose 11*m = 5*m - 12. Determine a(m).
-7
Suppose 8 = -4*y + 8*y. Let n(q) = -3 - q**2 - q**y + 2 - q**2. What is n(1)?
-4
Let d(z) = -2*z**3 + 6*z**2 - 6*z - 2. Let g(r) = -6*r**3 + 17*r**2 - 17*r - 5. Let i(h) = 8*d(h) - 3*g(h). Suppose 16 = -9*v + 17*v. Give i(v).
9
Let s(z) = 4*z**3 - 3 + 1 + 233*z**2 + 4*z - 3*z**3 - 237*z**2. Suppose 2 = k - 0*k. Calculate s(k).
-2
Suppose -400 = 109*n + 80 + 174. Let f(j) = 11*j - 5. Let y(q) = -5*q + 2. Let z(t) = -6*f(t) - 13*y(t). Give z(n).
10
Let a(r) = 1. Let p(o) be the second derivative of o**3/2 + 2*o**2 - 14*o. Let s(i) = -5*a(i) + p(i). Give s(-1).
-4
Let j(f) be the first derivative of -5*f**3/3 + f + 209. Determine j(2).
-19
Suppose 0 = -43*l + 49*l + 30. Let y(z) = z**3 + 4*z**2 - 7*z - 8. Give y(l).
2
Let b(c) = 8*c**3 - 15*c**2 - 3*c - 1. Let k be b(2). Let q(o) = -2*o**2 + 3. Calculate q(k).
-15
Let c(h) = 3 + 17*h**2 - 19*h**2 + 2*h + h**2. Calculate c(5).
-12
Suppose 0 = 10*n + 17 + 53. Let k(b) be the first derivative of -b**2/2 - 9*b - 1. Let i be k(n). Let z(w) = -9*w - 2. Calculate z(i).
16
Let x(z) = -8*z**3 - z**2 - z - 1. Let v be x(-1). Let h(u) = 11*u + v*u - 21*u. Suppose 3*p - 2*p + 4 = 0. Calculate h(p).
12
Suppose -o - 4 + 36 = 0. Suppose 0 = 5*s + 4*a - 49, 3*s + 3*a = -2*a + o. Let q(c) = 2*c - s + 0 + 20 - 7. Calculate q(-5).
-6
Let d(i) = i**3 + 5*i**2 + 5*i. Let u be d(-2). Suppose 0*j - 4 = -u*y + 3*j, 12 = 2*y - j. Let f(o) = 2*o**2 - o**2 + 1 - y*o + 7. What is f(6)?
-4
Suppose 4*n - 2*x - 2*x - 8 = 0, -3*n + 5*x = -2. Let i(t) = -5*t**2 + 5*t - 5*t + 5*t + 3 - n - t**3. Let f(k) = k + 17. Let w be f(-23). What is i(w)?
5
Let c be 0/114 + (-2)/2. Let i(z) = 14*z**3 + 2*z**2 - z - 2. Give i(c).
-13
Let g(o) be the first derivative of -o**4/12 - o**3 + 4*o**2 + 2*o - 7. Let k(j) be the first derivative of g(j). Suppose -2*t - 17 + 5 = 0. Give k(t).
8
Let b(t) = -2*t - 3. Let r(p) = -3*p - 2*p + 1 + p**2 - 5*p**2 + 3*p**2. Let k be r(-4). Suppose 3*m + 17 = 5*n, k*n + 5*m - m - 24 = 0. Give b(n).
-11
Let r(d) = d**3 - 10*d**2 - 8*d + 2. Let j = -82 + 93. What is r(j)?
35
Suppose d + 4*m + 1 = -4, 5*d - 19 = 2*m. Let y(c) = -d*c - 2*c + 3*c. Give y(1).
-2
Let q be (-1 - (-1)/2)*-4. Let z(x) = -6 + 8 + 2*x**3 - 3 + q*x**2. Calculate z(-2).
-9
Let r be 3*(-2 + 24/9). Let t(m) = 5*m**r + 8 + 5*m - 3*m - m**3 - 11. Give t(5).
7
Let g = -61 + 63. Let r(x) = 11*x**g + 8*x**2 + x**3 + 7 - 9*x**2 + 9*x. Determine r(-9).
7
Let b(t) be the first derivative of t**5/60 - t**4/8 - 2*t**3/3 + 18*t**2 - 30. Let a(r) be the second derivative of b(r). What is a(4)?
0
Let w(y) = -3 - 12*y**3 + 2 + 43*y**3 - 24*y**3. Give w(1).
6
Suppose 4*c - 15 = 9. Let q(f) be the second derivative of -f**4/12 + f**3 - 2*f**2 - 462*f. Calculate q(c).
-4
Suppose 3*i - 9 + 21 = 0. Let v(d) = -7*d**3 - 5*d**2 - 4*d + 1. Let f(a) = a**3. Let l(k) = 6*f(k) + v(k). What is l(i)?
1
Let u(o) = o + 1. Let c = 44 + -41. Suppose -c*b + 2*p - 20 = 0, 2*b = -5*p - 21 - 24. Let z be b*-3*4/24. Give u(z).
6
Let a(w) be the second derivative of -w**5/20 - w**4/6 + w**2/2 + 2*w - 34. Let l be 9*-1 - (-3 - -2). Let f = l - -6. Calculate a(f).
1
Let c be (3/(-6) + 0)*-2. Let f(i) = -c - 1 + 3 - 2*i. Determine f(-2).
5
Let j be 118/14 + (-21)/49. Suppose g = 4*g - 2*b - j, 5*b = -5*g + 5. Let s(d) = -2*d**2. Determine s(g).
-8
Let s(f) = 3 + 4 - 8*f - 1 - 4. Let a = 6 - 4. Calculate s(a).
-14
Let a(t) = -5 - 13*t + 3*t**3 - 2*t**3 + 3 + 11*t**2 - 7*t + 18*t. Determine a(-11).
20
Let l(c) be the second derivative of c**5/20 - c**4/3 - c**3/2 + 5*c**2/2 + 29*c. Let m be (0 - 1)/(15/(-60)). Calculate l(m).
-7
Let o(n) be the third derivative of -n**6/120 + 3*n**5/20 - 3*n**4/8 + 11*n**3/6 - 3*n**2. Let f be 81/54*2/9*24. Give o(f).
3
Let o(k) = -k**3 + 2*k + 1. Let b = -27 - -29. Suppose -4*m + 3*q + 17 = 0, b*m + q = 3*m - 5. What is o(m)?
-3
Let m(d) be the third derivative of -d**4/24 - 25*d**3/6 + 120*d**2 + 2*d. Determine m(-18).
-7
Let y(q) = 3*q**2 + q**3 - 2*q**3 + 6*q - 2*q + 0*q**3. Let x be (2/5)/(2/20). Let c be y(x). Let v(j) = j - 1. Determine v(c).
-1
Let c(q) be the third derivative of -5*q**4/24 + q**3/2 - 3*q**2. Suppose b + 2*b - 45 = 0. Suppose -2*g + b = 9. Give c(g).
-12
Let z(i) = -184*i + 33 + 100*i + 85*i. Determine z(-14).
19
Let q(w) = -28*w**2 - w. Suppose -5*j + 255 = 260. Calculate q(j).
-27
Let c(p) be the third derivative of 13*p**6/60 - p**5/30 + p**3/3 + 118*p**2. What is c(1)?
26
Suppose 2*w + 300 = -w + 4*k, -200 = 2*w - 2*k. Let d be (-2)/9 + w/(-45). Let y be 1 + 2/d + -4. Let t(f) = f**3 + f**2 + 2*f + 3. Determine t(y).
-5
Let g(h) = -h**2 - 3. Let q(k) be the first derivative of k**2/2 - 9*k - 19. Let s be q(9). Give g(s).
-3
Let v = -28 - -30. Let k(f) = -13*f**2 + 5 + 2*f + 4*f**v - 4. What is k(-1)?
-10
Let q(a) = a**2 - a + 2. Let o be q(3). Suppose z - o = -6. Let u(t) = t**2. Give u(z).
4
Suppose -k - 2*x = -8, -3*k + 4 - 15 = -x. Let t = k + 5. Suppose -4*r = -3*r + t. Let b(a) = a + 3. Determine b(r).
0
Suppose 3*m + 5*c - 20 + 39 = 0, m = 3*c + 17. Let t(i) = -2*i**3 + 2*i**2 - 3*i + 3. Give t(m).
-11
Let i(p) = -6*p**3 + p**2 - 1. Let u(f) = f + 15. Let d be u(-12). Let h = 2 + 0. Suppose m + d = h. Calculate i(m).
6
Suppose 4*k - 1 = 7. Let m(h) = -1923*h**2 + 3834*h**2 - 1909*h**2. Give m(k).
8
Let q be 0/2 - (-2)/(-2). Let t(f) = -2*f + 26. Let y be t(12). Let v(m) = -m**3 - 51*m**y + 51*m**2 - 2*m**3 - 1. Calculate v(q).
2
Let o(g) = 3*g**3 - 11*g**2 + 10*g - 18. Let c(a) = -10*a**3 + 32*a**2 - 28*a + 54. Let j(s) = 2*c(s) + 7*o(s). What is j(12)?
6
Let g(w) be the second derivative of w**4/12 + 3*w**3/2 + 5*w**2 + 69*w. Calculate g(-6).
-8
Let d(l) = -l**2 - 8*l - 2. Let f = 4 - -1. Suppose 0 = 3*t + 5*i + 25, 2*t + 55 = -3*t + f*i. Let k be 15/(-3)*(-12)/t. Give d(k).
10
Let b(s) = -s**2 - 2 - 2 - s**3 + 3 + 3*s. Suppose d = -3*d + 4. Let r be -1*-2*d/1. Calculate b(r).
-7
Let f(w) = w - 6. Let z be 2 - 2 - (-1 - -1). Let a be f(z). Let m(j) be the third derivative of -j**6/120 - j**5/10 - 2*j**3/3 - 7*j**2. What is m(a)?
-4
Suppose 4*o = -4*p - 44, 5*o - 3*p + 51 = -7*p. Let g(c) = c**3 + 7*c**2 - 2*c - 7. Calculate g(o).
7
Let a(n) = n + 75. Let t(i) = 3*i + 162. Let y(j) = 13*a(j) - 6*t(j). Calculate y(2).
-7
Let l(p) = p + 7 + 0*p - 15 + 26. Determine l(-15).
3
Let m(l) = -l**2 + 75 - 74 + 4*l + 2*l - 16*l + 4*l. What is m(-5)?
6
Let b(h) = 58*h - 5 - 62*h - 5*h**2 + 0*h**2 - h**3. Suppose -3*g + 5 = -1. Suppose -g*i + 19 = -7*i - x, 0 = -5*i - 4*x - 16. Determine b(i).
-5
Let w(i) be the first derivative of 14 + 26 - i**2 - 4*i - 27. Give w(-3).
2
Let o(f) be the second derivative of -f**5/20 - f**3/6 + 3*f**2/2 - 34*f. Calculate o(3).
-27
Let c(g) = g**3 - g**2 - g - 3. Let l be ((-18)/(-3))/(-2) - (-2 + -1). Let i be 6/12*0*(-1 + l). What is c(i)?
-3
Let m(i) = 3 + 3 + 4 - i + 10. What is m(-14)?
34
Let m(r) = 30*r**2 + 14*r**2 - 2*r - 2 - 56*r**2. Determine m(-2).
-46
Let k(z) be the second derivative of -z + 5 + 0*z**2 + 17/6*z**3. Calculate k(-1).
-17
Let z = -3 - 0. Let k(u) = 13*u - 6. Let d(t) = 1 - 3 + t + 9*t - 3. Let j(b) = -4*d(b) + 3*k(b). Give j(z).
5
Let j = -4 + 6. Let n(v) = 4*v**2 - 6 + v**3 + j*v - 4*v**2 - 3*v. Let l(s) = s**3 - 7*s. Let a be l(0). Determine n(a).
-6
Let c be 7*(-3)/(-21)*1. Let z(o) = 2*o**2. Calculate z(c).
2
Let d(p) = -p**3 - 4*p**2 - 2*p. Let b(j) be the first derivative of j**2/2 - 3*j - 11. Let x be b(0). Give d(x).
-3
Suppose -4*n = -5*n + 12. Let l = -3 + 4. Let s be (-2)/(-4)*n*l. Let m(h) = h**2 - 7*h - 4. Give m(s).
-10
Let l be (6/12)/((-1)/(-4)). Let u(t) = 4*t**2 + l*t - 3 - 2 + 0 - t**3 + t. Suppose 6*g - 16 = 2*g. Determine u(g).
7
Suppose -4*c - 2 = -3*c. Let k(v) = 3*v + 9. Let s be k(c). Let x(w) = 2*w - 1. Give x(s).
5
Let w(p) be the second derivative of p**4/12 + 4*p**3/3 + 5*p**2/2 - 136*p. Calculate w(-4).
-11
Let z be (6/4)/((-5)/(-10)). Let x(t) = -5*t**z - 14*t**2 + 1 - t + 13*t**2 + 6*t**3. What is x(2)?
3
Let a(m) = 9*m - 3. Suppose -4*w - b = b, 4*b = -8. Calculate a(w).
6
Let j(z) = 8*z + 3*z**2 + 5 - z**2 - z**2. Let p = -8 - -8. Suppose p = -0*f + 3*f + 18. Determine j(f).
-7
Let c be (-1)/((-93)/(-30) - 3). Let j(f) = 3*f + 28. Give j(c).
-2
Let k(g) = -6*g - 3. Let m(z)